the prime factors of a?
7, 41
Let a(f) = f**2 - 8*f + 26. Let c = -86 + 86. Suppose 4*x - 2*l = -c*l - 54, 2*x + 4*l = -22. What are the prime factors of a(x)?
13, 23
Let v(r) = 2*r**2 - 34*r - 10. What are the prime factors of v(19)?
2, 3, 11
Let q(n) = -n**2 + 45*n - 322. Let d be q(36). Suppose -3429 = -3*m - 5*f, 7*m - 5678 = d*m + 4*f. What are the prime factors of m?
2, 569
Suppose 1 = -o - 2, 0 = 4*c + 4*o - 356. Let u = -90 + c. Suppose 212 = u*h + 2*p, 4*p = -h + 67 + 45. List the prime factors of h.
2, 13
Let k = -3008 + 3013. Let l = -8 + 13. Suppose -m + 91 = l*y, -k*m + 30 = -5*y - 365. What are the prime factors of m?
3
Let a(n) = -2*n - 32. Let s be a(-9). What are the prime factors of ((-13)/(91/556))/(4/s)?
2, 139
What are the prime factors of (28/42)/(2/6879)?
2293
Suppose -4*r + 524 = 2*g - 392, -5*g - 4*r = -2284. Let t = g - 171. What are the prime factors of t?
3, 5, 19
Suppose 5*r + 15 = 2*v, -3*r = -2*v - 4*r + 21. Suppose v = -5*d - 40. What are the prime factors of 35/25*21 - (-4)/d?
29
Let d(z) be the third derivative of z**6/120 + 11*z**5/60 + z**4/8 + 7*z**3/6 - 14*z**2. What are the prime factors of d(-9)?
2, 71
Let j(a) = 5 + 7 + 0 + 7*a**2 - 3 - 9*a. List the prime factors of j(6).
3, 23
Suppose -38960 = -3*r + 24309 - 12983. List the prime factors of r.
2, 17, 29
Suppose -5*w - 3 = 3*v, 0 = 4*v - 3*w - 33 + 8. Let z be v/(-5)*(-350)/4. Let o = z + -40. What are the prime factors of o?
2, 3, 5
Suppose 258445 = -943*m + 954*m. What are the prime factors of m?
5, 37, 127
Suppose 42*v = -172 - 38. Let p(m) = -m**3 + 2*m**2 - 3*m + 17. What are the prime factors of p(v)?
3, 23
List the prime factors of 1/(165158/41286 - 4).
3, 983
Let u(g) be the second derivative of g**4/4 - 2*g**3 + 17*g**2/2 - 190*g. Let i(n) = -n**3 + 6*n**2 + 7. Let v be i(6). List the prime factors of u(v).
2, 5
Let g = 73855 + -51601. What are the prime factors of g?
2, 3, 3709
Let h(f) = 24*f + 596. Suppose -18*t + 15*t = 0. What are the prime factors of h(t)?
2, 149
Let b be ((-120)/(-90))/((-4)/42). What are the prime factors of 8/b - 219456/(-378)?
2, 5, 29
Suppose 163666 + 46726 = 17*x. List the prime factors of x.
2, 7, 13, 17
Let q(o) = 2*o**2 - 46*o - 2. Let r be q(23). What are the prime factors of 422 + 0 + (1 - 0) + r?
421
Let y(u) = -u**2 + 3*u + 797. Let p be y(0). Let t = p + -203. What are the prime factors of t?
2, 3, 11
Let x(g) = 12*g + 84. Let s be x(-9). List the prime factors of ((-1066)/(-4) + 1)*s/(-20).
3, 107
Let b(y) = 4*y. Let o be b(0). Suppose 9*v - 4*v = -3*s + 47, -5*s - 5*v + 85 = o. List the prime factors of 1*-2*(10 - s).
2, 3
Let h be (1655/10)/(20/40). Suppose 3*c + 588 = -0*c. Let f = c + h. List the prime factors of f.
3, 5
Let m(w) be the first derivative of -w**3 + 2*w - 18. Let q be m(1). What are the prime factors of (-423)/(-6)*4*q/(-3)?
2, 47
Let t = 185 + -64. Suppose -123*y + t*y = -302. What are the prime factors of y?
151
Let s = 476 - 261. Let r = -98 + s. What are the prime factors of r?
3, 13
Let m = 2338 + -605. What are the prime factors of m?
1733
Suppose 148 = 5*z + 133, -2*z = 3*o - 33261. What are the prime factors of o?
3, 5, 739
Suppose 216504 = -21*m + 52*m. List the prime factors of m.
2, 3, 97
Suppose 0*w - 196 = -4*w - 4*m, 0 = -w + 2*m + 61. Let q(h) = h**3 + 20*h**2 - 26*h - 14. Let v be q(-21). Let g = v - w. List the prime factors of g.
2, 19
Let g = -70 + 115. Let j = g + 1268. Suppose 5*n + 153 = j. List the prime factors of n.
2, 29
Suppose 331*p - v + 17471 = 335*p, -2*v = 2. What are the prime factors of p?
2, 3, 7, 13
Let j(c) = -c**3 + 5*c**2 - 4*c - 1. Let g be j(4). Suppose -6*a = -67*a + 305. List the prime factors of 7 + a/g - (-78 + 0).
2, 5
Let q(m) = 189*m - 9. Let l be -1 + -6 + 5 + 4. What are the prime factors of q(l)?
3, 41
Suppose -2*u + 45*j - 10 = 43*j, 2*u - 8 = -4*j. Let i(h) = -164*h**3 + 4*h**2 + 3. List the prime factors of i(u).
11
Suppose -2*n + 136 = 5*r, -3*n + r + 41 = -163. Let q = 68 - n. Suppose 9*m - 14*m + 405 = q. List the prime factors of m.
3
Suppose -2739 = -5*u + 2*c, 3*c + 3 = 4*c. Suppose 5*r + 21 = 8*r. Suppose 10*n - r*n - u = 0. List the prime factors of n.
3, 61
Suppose -4*g - 3*y = -81080 - 269120, -5*g + 437757 = 2*y. List the prime factors of g.
87553
Let r(p) = p**3 - 5*p**2 + 4*p. Suppose -2*a - 12 = -4*x + 2*a, -5*x = -2*a - 21. Let l be r(x). Suppose -18*s = -14*s - l. What are the prime factors of s?
5
What are the prime factors of (30605/(-2))/((-2929)/116 + 24)?
2, 6121
Let x = 678 - 247. Let g = -227 + x. What are the prime factors of g?
2, 3, 17
Suppose -29*k + 34747 = w - 25*k, -w = -2*k - 34795. List the prime factors of w.
3, 11593
What are the prime factors of (22 - 7280/338) + 725570/26?
11, 43, 59
Let n be -4*1 - (17 - (-143)/(-13)). Let l(z) = -213*z - 398. List the prime factors of l(n).
2, 433
Let a = -4105 - -4248. What are the prime factors of a?
11, 13
Let n(q) = 2*q**3 - q**2 + 5*q + 80. Let v(y) = -y**3 + 2*y**2 - 5*y - 79. Let j(d) = -2*n(d) - 3*v(d). What are the prime factors of j(-6)?
7, 17
Suppose 194095 + 460164 + 681923 = 86*o. What are the prime factors of o?
3, 5179
Suppose 642 = -11*h + 1951. Let a = -133 + 47. Let r = a + h. What are the prime factors of r?
3, 11
Suppose 12*g - 106 = 122. Suppose -4*i - g = -z, 4*z - i = -5*i + 56. Suppose 20*d - z*d - 370 = 0. What are the prime factors of d?
2, 37
Suppose i + 5446 = 3*b, -4*b = 36*i - 40*i - 7264. List the prime factors of b.
3, 5, 11
Let h = 111 - 108. Suppose -q + 3*q = 2*d + 10, -h*q = 2*d. Suppose 2*s = -2*s + 5*l + 337, 161 = q*s + 5*l. List the prime factors of s.
83
Suppose -14*w - 2 + 44 = 0. Suppose w*f + 2 = 14, 2*f - 773 = -h. Suppose 5*s - h = 70. What are the prime factors of s?
167
Suppose -379 - 2429 = -13*s. Let d = 1012 - s. What are the prime factors of d?
2, 199
Let g = -7634 - -13746. List the prime factors of g.
2, 191
Let p(g) = -48*g + 1456. Let a be p(30). Let z = 9 - 0. Suppose z*h - a = h. List the prime factors of h.
2
Let f(j) be the first derivative of -j**5/20 + 5*j**4/6 - 7*j**3/6 - 7*j**2 - 5*j - 2. Let g(k) be the first derivative of f(k). List the prime factors of g(9).
2
Let b be 0 + -16 + 12 + (-10)/(-1). Suppose -2*s + 4*g = -2440, 6100 = 5*s - b*g + 7*g. List the prime factors of s.
2, 5, 61
Let k(i) = 8*i + 356. Let z be k(-44). Suppose -2*b + 509 = 5*t, 566 = z*b - 5*t - 407. List the prime factors of b.
13, 19
Suppose 0*g = -3*g + 9. Suppose -7 = 4*v + 1, k - 2*v = 134. Suppose 2*d + 0*d = -8, -g*t = -d - k. List the prime factors of t.
2, 3, 7
Suppose -13*s + 180 = -4*s. Suppose -34 = 4*t + 7*c - 6*c, s = -2*t - 2*c. What are the prime factors of t/6 + 14297/87?
163
Let r(m) = 16*m + 64. Let k be r(-4). Suppose 0 = q + 3*w - 461, -q + 4*w + 461 = -k*w. List the prime factors of q.
461
Suppose -2*w = 4*x + 3*w - 65, 0 = 3*x + 3*w - 45. Suppose x*q = 7*q. Suppose -3*h + 14 + 7 = q. What are the prime factors of h?
7
Suppose -159 - 81 = -8*y. What are the prime factors of -30*8*(-3)/y?
2, 3
Let x be (2 - 5/2)*-6. Suppose -2*h + x*z = -1 + 4, -5*h + 3*z = -6. Suppose 2*n - 55 = -h*u + 232, 4*u = 5*n - 729. What are the prime factors of n?
5, 29
Let c(p) = -p - 17. Let g be c(-5). Let v be -6*4/g + 1. List the prime factors of (-8)/(-10)*(77 + v).
2
Let f(n) = -1704*n**3 - 50*n**2 - 11*n - 8. List the prime factors of f(-3).
79, 577
Suppose -9*b = -4 - 14. Suppose -2*c = 8, 4*g = -b*c + 857 + 1275. Suppose 0 = 5*x + 5*w - g, 0 = -3*w - 2*w - 20. List the prime factors of x.
3, 37
Let z(r) = -6*r + 20. Let n be 2/8 - (-2 - 11/4). Let h be z(n). What are the prime factors of ((-645)/h)/(3/6)?
3, 43
Suppose 347228 - 94952 = 113*y - 923715. What are the prime factors of y?
3, 3469
Suppose 41*n = 47*n - 36. What are the prime factors of (159/n)/(((-72)/224)/(-9))?
2, 7, 53
Suppose -26*g + 221443 = -429794 - 12595. What are the prime factors of g?
2, 13, 491
Let j = 305 + -132. Let k = 1142 + j. List the prime factors of k.
5, 263
Let g(i) = i**3 + 68*i**2 - 163*i + 1. What are the prime factors of g(-67)?
3, 11, 467
Let t(l) = 2*l + 11. Let r be t(-4). Suppose -2*n = -5*k - 3639, 9066 = 5*n + r*k - 5*k. List the prime factors of n.
2, 3, 151
Suppose 2*o - 17 = 39. Let a = -26 + o. Suppose -135 = -2*p - 3*v